 4?
-113000
Convert 5a7 (base 12) to base 7.
2320
Convert -1419 (base 11) to base 16.
-72b
Convert 230131 (base 4) to base 6.
21101
202000121 (base 3) to base 14
5468
284 (base 15) to base 5
4244
-1010040 (base 5) to base 13
-7537
6102 (base 12) to base 2
10100100010010
What is 321212 (base 4) in base 15?
115b
What is -300 (base 13) in base 10?
-507
Convert -137156 (base 8) to base 6.
-1013410
Convert -209 (base 14) to base 7.
-1112
Convert -4623 (base 8) to base 6.
-15203
What is -4db8 (base 16) in base 15?
-5d66
-120102101 (base 3) to base 15
-34e7
13c6 (base 14) to base 5
103011
Convert -1a1 (base 14) to base 10.
-337
What is 55f (base 16) in base 4?
111133
What is -51 (base 7) in base 8?
-44
3223 (base 8) to base 15
773
1b5 (base 13) to base 8
475
Convert -15111 (base 6) to base 7.
-10024
What is -111204 (base 5) in base 2?
-111101011001
What is -19a0 (base 11) in base 2?
-100111100010
32232 (base 5) to base 10
2192
4421 (base 13) to base 12
55ab
121120122 (base 3) to base 16
2f36
What is -1110011011111000 (base 2) in base 4?
-32123320
What is b7c8 (base 13) in base 5?
1304024
-320120 (base 4) to base 13
-1847
Convert -22314 (base 12) to base 13.
-17866
What is -1051 (base 7) in base 16?
-17b
227 (base 9) to base 15
c7
-1531 (base 12) to base 6
-15301
What is 2389 (base 10) in base 9?
3244
-13201 (base 4) to base 7
-1255
Convert 264 (base 15) to base 3.
202011
1211222 (base 3) to base 7
3635
-246 (base 11) to base 5
-2132
-2c0 (base 15) to base 10
-630
Convert 100100101010 (base 2) to base 5.
33341
What is -274 (base 10) in base 15?
-134
-53533 (base 8) to base 16
-575b
What is 278 (base 10) in base 16?
116
-786 (base 9) to base 13
-3a8
-240 (base 12) to base 5
-2321
Convert -857 (base 12) to base 5.
-14334
Convert 7135 (base 16) to base 15.
88c1
-233113 (base 5) to base 4
-2011111
Convert -173 (base 16) to base 6.
-1415
Convert -a (base 11) to base 2.
-1010
What is 12231 (base 5) in base 13?
575
What is 103201 (base 4) in base 3?
1201021
Convert -126535 (base 8) to base 13.
-1727c
What is -1223320 (base 4) in base 16?
-1af8
What is 6111 (base 7) in base 11?
1653
Convert 1533 (base 8) to base 12.
5b7
334 (base 10) to base 2
101001110
-1877 (base 16) to base 14
-23d5
What is -224021 (base 6) in base 10?
-19021
What is -4204 (base 9) in base 7?
-11662
1100112000 (base 3) to base 12
134a6
-3452 (base 10) to base 6
-23552
-61b8 (base 12) to base 13
-4b05
Convert 6234 (base 8) to base 7.
12261
What is 11021212111 (base 3) in base 10?
84469
Convert 1110110101 (base 2) to base 13.
580
-228 (base 12) to base 7
-635
Convert 1010111010 (base 2) to base 11.
585
Convert -7c0 (base 13) to base 15.
-5e4
What is -16624 (base 7) in base 2?
-1001010100011
What is 37 (base 16) in base 4?
313
What is -3401 (base 6) in base 7?
-2212
What is 1ade (base 16) in base 7?
26024
Convert -1272 (base 9) to base 5.
-12311
46a2 (base 11) to base 9
8406
What is -5934 (base 13) in base 5?
-400144
Convert aace (base 15) to base 7.
210344
What is 3010312 (base 4) in base 6?
134154
What is 20611 (base 7) in base 8?
11760
-5342 (base 13) to base 10
-11546
What is -8ad (base 15) in base 6?
-13031
What is 24155 (base 7) in base 16?
1877
b14 (base 12) to base 6
11224
What is 255a6 (base 12) in base 3?
2120220100
Convert 1502 (base 13) to base 11.
2318
Convert -1b9 (base 15) to base 6.
-1503
What is -3561 (base 12) in base 8?
-13531
Convert 859f (base 16) to base 15.
a207
-328 (base 11) to base 16
-189
100110111111000 (base 2) to base 13
9115
What is -c72c (base 13) in base 5?
-1340320
Convert 32322 (base 8) to base 4.
3103102
Convert 111012 (base 8) to base 16.
920a
Convert 5623 (base 10) to base 2.
1010111110111
Convert 1100001101110000 (base 2) to base 5.
3100112
What is -134520 (base 6) in base 12?
-7440
What is 30307 (base 8) in base 3?
122010111
What is 114 (base 8) in base 6?
204
Convert 10110101111 (base 3) to base 5.
4134310
Convert -1331003 (base 5) to base 7.
-141504
20355 (base 6) to base 5
41420
-8036 (base 12) to base 9
-21016
What is -a7a2 (base 11) in base 7?
-56413
Convert 102010 (base 4) to base 16.
484
32010 (base 4) to base 2
1110000100
What is e45 (base 15) in base 4?
302033
-112102010 (base 3) to base 12
-60b6
-2315 (base 8) to base 10
-1229
What is 1baa (base 16) in base 11?
5359
Convert 1000110100 (base 2) to base 15.
279
-353 (base 11) to base 16
-1a5
What is -10330002 (base 4) in base 10?
-20226
What is 341 (base 11) in base 5?
3113
What is -22111 (base 5) in base 3?
-2002201
-1812 (base 12) to base 11
-21a1
253 (base 11) to base 13
1a1
What is 14c (base 14) in base 7?
525
Convert -22410 (base 5) to base 16.
-645
Convert 20249 (base 10) to base 14.
7545
What is 102024 (base 5) in base 10?
3389
Convert -8657 (base 9) to base 5.
-200440
1dd (base 14) to base 12
287
What is -9c2 (base 14) in base 3?
-2122122
Convert 59 (base 11) to base 6.
144
Convert 4159 (base 11) to base 10.
5509
Convert -1101 (base 12) to base 6.
-12401
What is -225a (base 11) in base 5?
-43334
-332 (base 9) to base 8
-420
What is -10523 (base 6) in base 8?
-2723
What is -21 (base 8) in base 12?
-15
-1416 (base 7) to base 8
-1050
Convert 134104 (base 9) to base 15.
1933d
Convert -414c (base 15) to base 9.
-20830
What is -2203 (base 6) in base 4?
-13323
Convert 614 (base 7) to base 8.
461
What is -421 (base 8) in base 7?
-540
11200 (base 3) to base 6
330
What is -11213 (base 8) in base 6?
-33551
Convert -10aa (base 12) to base 16.
-742
Convert 10001111 (base 2) to base 4.
2033
What is ab23 (base 15) in base 2?
1000110110100010
What is -4565a (base 11) in base 2?
-10000000111011010
4cdd (base 14) to base 2
11010011010011
-1002020 (base 3) to base 2
-1100010101
2131 (base 4) to base 8
235
b0 (base 13) to base 6
355
What is 12103 (base 5) in base 3?
1020110
What is 7137 (base 14) in base 16?
4bfd
What is 321012 (base 6) in base 14?
9756
14425 (base 9) to base 8
23140
What is -112313 (base 4) in base 7?
-4160
-32323 (base 4) to base 3
-1022101
What is -10121201 (base 3) in base 10?
-2638
Convert -2d8c (base 15) to base 10.
-9807
-10111101010011 (base 2) to base 12
-7017
-496 (base 13) to base 9
-1077
-357 (base 8) to base 4
-3233
What is 64517 (base 9) in base 5?
2331303
What is -361 (base 14) in base 13?
-3ca
103 (base 15) to base 11
198
Convert b940 (base 12) to base 10.
20352
What is -332 (base 9) in base 15?
-132
3148 (base 13) to base 7
25612
Convert -223 (base 5) to base 3.
-2100
-5d86 (base 14) to base 5
-1011021
What is 4239 (base 13) in base 7?
35514
What is 42304 (base 6) in base 14?
2132
1102 (base 7) to base 9
477
-122102 (base 3) to base 9
-572
What is -12212010 (base 3) in base 9?
-5763
What is 1041 (base 5) in base 3?
12102
Convert 90 (base 12) to base 11.
99
Convert 565 (base 16) to base 10.
1381
144 (base 16) to base 10
324
What is -5071 (base 8) in base 10?
-2617
Convert -112122 (base 3) to base 4.
-12023
What is -517 (base 8) in base 7?
-656
-2102211 (base 3) to base 15
-7d7
-53352 (base 6) to base 3
-100222012
What is -18b (base 14) in base 4?
-10333
What is 20aa (base 13) in base 9?
6187
What is 9d5 (base 16) in base 10?
2517
What is 2376 (base 8) in base 10?
1278
What is 9b1 (base 12) in base 7?
4111
What is -112 (base 15) in base 2?
-11110010
What is -27263 (base 10) in base 13?
-c542
Convert 456 (base 8) to base 11.
255
What is -35033 (base 6) in base 4?
-1031331
1344 (base 10) to base 15
5e9
Convert -c053 (base 13) to base 9.
-40228
Convert 22111120 (base 3) to base 4.
1200312
-1094 (base 11) to base 7
-4116
What is 14545 (base 7) in base 13?
1ac8
Convert 12313 (base 4) to base 10.
439
261 (base 12) to base 16
169
Convert 784 (base 11) to base 4.
32223
-1101000100 (base 2) to base 16
-344
545 (base 8) to base 6
1353
Convert 14302 (base 8) to base 12.
3802
What is -81 (base 12) in base 15?
-67
11625 (base 7) to base 10
3057
What is -305 (base 15) in base 12?
-488
What is -11001100100 (base 2) in base 6?
-11324
What is 3238 (base 11) in base 7?
15316
What is 2103 (base 11) in base 3?
10211012
Convert 211664 (base 8) to base 7.
412526
-2420 (base 6) to base 13
-363
Convert 20410 (base 5) to base 16.
54b
Convert 203400 (base 5) to base 2.
1101001000101
Convert -e59 (base 16) to base 8.
-7131
-10212 (base 3) to base 13
-80
What is ac2 (base 14) in base 8?
4122
Conver